-32)/12)/(g/(-12)) is divided by f?
4
Suppose -4*a = -n + 2 + 1, -2*a = -2*n. Let y = -94 - -104. Calculate the remainder when (-3)/a*(8 - 2) is divided by y.
8
What is the remainder when 94 is divided by -4*(2 - 13 - -3)?
30
Let z(h) = -h + 10. Calculate the remainder when 18 is divided by z(0).
8
Let w(b) = 5*b - 3 + 1 - 11*b - 11*b. What is the remainder when w(-3) is divided by 17?
15
Let w(p) = p**2 - 5*p - 2. Let r be w(6). Suppose v - r = -5*g, g = v + 4*v - 46. Calculate the remainder when 16 is divided by v.
7
Let c = -5 + 9. Let t(f) = f**3 - 4*f**2 + f - 2. Calculate the remainder when -3*2/((-6)/3) is divided by t(c).
1
Let s(f) = f**2 - 3*f - 22. Calculate the remainder when 16 is divided by s(7).
4
Let y(o) = o**2 - o + 9. Let g be y(8). Suppose 17 = z - 3*t, 0*t + g = 5*z + 5*t. What is the remainder when 39 is divided by z?
11
Suppose 4*i - 105 = -i. Calculate the remainder when 81 is divided by i.
18
Suppose 5*v - 42 = -p - 0*v, -4*v = -16. What is the remainder when 86 is divided by p?
20
Suppose 2*j + i - 8 = 0, 25 = 3*j + 2*j + 5*i. What is the remainder when (13/26)/((-2)/(-24)) is divided by j?
0
Suppose -34 = -0*v - 2*v. Let c = 7 - v. Let l(a) = -a**2 - 13*a - 9. Calculate the remainder when 81 is divided by l(c).
18
Let z(j) = 3*j + 16. What is the remainder when z(0) is divided by 9?
7
Let q = -7 - -29. What is the remainder when 38 is divided by q?
16
Let b(y) = 5*y + 1. Let u be (92/6)/(2/6). Suppose -3*q = -d - 2, -2*d - 4*q + u = d. Calculate the remainder when d is divided by b(1).
4
Let u = 48 - 25. Suppose 102 + u = 5*o. Suppose r + 3*t = -2*r + 27, -o = 5*t. What is the remainder when 41 is divided by r?
13
Suppose 2*x = -4*r + 34, -4*r + 0*r - 5*x + 49 = 0. What is the remainder when 29 is divided by r?
5
Suppose 0*w + 3*w = 270. Suppose 3*m - 3 = w. Calculate the remainder when m is divided by 16.
15
Let z(q) = -q**2 + 9*q - 5. Let u be z(8). Let x(w) = w**2 - w + 1. Suppose 21 + 18 = 3*f. What is the remainder when f is divided by x(u)?
6
Let s = 1 - 4. Let v(l) = 6*l**2 + 2. What is the remainder when v(s) is divided by 4/2*57/6?
18
Suppose -4*m = -9*m + 15. Suppose -5*v + 12 = -m. What is the remainder when 55 is divided by v + -6 + 1 - -21?
17
Let t be 48/40*5/2. Suppose 2*v + 1 = -t. Let u = v + 9. What is the remainder when u is divided by 4?
3
Suppose -4 + 0 = 4*s. Let g = 5 - s. Calculate the remainder when 23 is divided by g.
5
Let h = 39 - 24. Suppose -2*k - 6 = -2*o - 7*k, 4*o = -4*k + 24. Calculate the remainder when h is divided by o.
7
Let o = 0 - -2. Let n = 6 - o. Suppose 2*x - 34 = s - n*s, 0 = -5*x - 5*s + 75. Calculate the remainder when x is divided by 4.
3
Let z = 62 - 36. Calculate the remainder when 50 is divided by z.
24
Let a(t) = 2*t + 2. Let g be (-133)/(-1*2/2). Suppose -3*q + g - 28 = 0. What is the remainder when q is divided by a(5)?
11
Let o = -22 + 39. What is the remainder when 33 is divided by o?
16
Suppose -5*c - 2*a + 3*a = -252, 2*c + 4*a = 114. Calculate the remainder when c is divided by 14.
9
Suppose -4*x + 18 = -34. What is the remainder when ((-5)/(-5))/((-1)/(-23)) is divided by x?
10
Let m(s) = -s**3 + 11*s**2 + 2*s + 14. What is the remainder when 178 is divided by m(11)?
34
Let u be -64*6*2/(-4). Let s = u - 131. What is the remainder when s is divided by 16?
13
Suppose 2*r - 32 = -2*r. Suppose -12 = m + m. What is the remainder when (36/r)/(m/(-8)) is divided by 3?
0
Calculate the remainder when (-12)/1*(-2)/4 is divided by (4 - 19)/3 - (-10 - -2).
0
Let n(b) be the third derivative of b**6/120 - b**5/15 + 5*b**3/6 + 2*b**2. Suppose 2*u + 5 - 23 = 0. Calculate the remainder when u is divided by n(4).
4
Let o(y) = 3*y - 10. Let q be o(10). Suppose u + q = 5*u. What is the remainder when 7 is divided by u?
2
Calculate the remainder when 61 is divided by 5 + -1 + (-7 - -34).
30
Let d = -12 + 21. Calculate the remainder when 16 is divided by d.
7
Let x(d) be the second derivative of 12*d**5/5 + d**4/12 - d**3/6 + d. What is the remainder when x(1) is divided by 17?
14
Let c = -8 - 18. Calculate the remainder when ((-9)/(-6))/((-3)/c) is divided by 8.
5
Calculate the remainder when 84 is divided by (1 + -1 - -42) + 1.
41
Let l(r) = 4*r**3 - 5*r**2 - 5*r - 7. Let d(m) = 3*m**3 - 4*m**2 - 4*m - 6. Let w(j) = -7*d(j) + 6*l(j). Calculate the remainder when w(2) is divided by 8.
4
Let l(p) = p**3 + 11*p**2 - 2*p - 10. Calculate the remainder when 47 is divided by l(-11).
11
Let y(x) = 23 - x - x**2 - 13 + 23. Calculate the remainder when y(0) is divided by 17.
16
Let t(d) = 6*d - 8. What is the remainder when 0/((-8)/(-4) + -1) - -109 is divided by t(6)?
25
Let h = 72 + -64. What is the remainder when h is divided by 2?
0
Let r(p) = -p**3 + 5*p**2 - 3*p. Let m(x) = -2 - 5*x + x**2 + 4 + 0. What is the remainder when r(4) is divided by m(5)?
0
Suppose -3*a + 109 + 46 = 4*b, 0 = -5*a - b + 230. What is the remainder when 85 is divided by a?
40
Suppose l = 4, 4*r - 4*l - 1536 = -272. Suppose 5*u = -0*u - 2*g + r, 3*g - 15 = 0. Calculate the remainder when u is divided by 16.
14
Suppose -2*h + 2*w = -28, -3*w = -h + 7 + 3. Calculate the remainder when 31 is divided by h.
15
What is the remainder when 79 is divided by (0/(-4))/4 + 27?
25
Suppose -5*v = -218 + 3. Suppose 2 = -b, 2*b + 21 = -t - b. Calculate the remainder when v is divided by t*(2 + 9/(-3)).
13
Let g = 15 - 0. Let u = -13 + 41. Calculate the remainder when u is divided by g.
13
Suppose 0 = -5*q - 3*s + s + 95, 3*s = 3*q - 36. Suppose p + 350 - 122 = 0. Let i = -163 - p. What is the remainder when i is divided by q?
14
Let i(b) = b. Let s be i(0). Suppose -5*l + 3*l + 6 = s. Calculate the remainder when l is divided by 2.
1
Suppose 4*c - 5 = 2*h - 25, 3*h + c = 23. Calculate the remainder when 22 is divided by h.
6
Suppose 0 = p - 5*h - 16, 0*h + 17 = 5*p - 4*h. Suppose 4*f = 3*f + 20. Let c = -18 + f. What is the remainder when c is divided by p?
0
Suppose 0 = -3*k + 14 + 103. Let w = -26 + 36. What is the remainder when k is divided by w?
9
Let n(o) = 5*o + 1. What is the remainder when 19 is divided by n(2)?
8
Suppose 12 = 2*i - 0*i. Let z = -18 - -22. What is the remainder when i is divided by z?
2
Suppose 0 = -4*q + 2*a - 210, 13 - 28 = 3*a. Let i = q - -89. Calculate the remainder when 100 is divided by i.
32
Let d(i) = -i**3 + i**2 + 6. Let o be d(0). Let l = -2 + o. Calculate the remainder when l is divided by 2.
0
Let y(b) = b**2. Let g be y(2). Suppose 4*a + g = 48. What is the remainder when 19 is divided by a?
8
Suppose j + 3*w + 57 = 4*j, 5*j + 5*w = 75. Suppose 2*x - 14 = -0*x - 2*v, 5*v - 17 = -2*x. What is the remainder when j is divided by x?
5
Suppose -f - 7 = 1. Let g = f + 3. Calculate the remainder when 30 is divided by 40*1/(g/(-2)).
14
Let j = 93 + 83. Suppose 4*w = -0*w + j. What is the remainder when w is divided by 15?
14
What is the remainder when 140 is divided by ((-6)/4 + 0)/((-6)/284)?
69
Let f(i) = -i + 12. Calculate the remainder when 34 is divided by f(0).
10
Suppose 2*p = 135 + 105. Let b = -62 + p. Calculate the remainder when b is divided by 20.
18
Let z(y) = y**2 - 4*y - 69. What is the remainder when z(14) is divided by 13?
6
Let p(t) = -t**3 + 9*t**2 - 12*t - 7. Calculate the remainder when p(6) is divided by 6.
5
Suppose -15 - 6 = -3*c. Let l = 46 + -16. What is the remainder when l is divided by 2 + c + (-1 - 0)?
6
Let s(l) = l + 2. Let k be s(-2). Let v(j) = j**2 + 11. What is the remainder when (2 - 4) + 33 - -1 is divided by v(k)?
10
Let i(k) = 3 + 5*k + 0 - k**2 + 0. Let r = 17 + -12. Calculate the remainder when 4 is divided by i(r).
1
Suppose -3*j = 3*b - 9, j - 5*b - 6 = 15. What is the remainder when j is divided by 6?
0
Suppose 0 = -l - 5*l + 12. What is the remainder when 2 is divided by l?
0
Suppose 3*d - 43 = -c + 25, -d = -c + 56. What is the remainder when c is divided by 30?
29
Suppose 0*h = 4*x + 5*h - 84, -2*x + 12 = -5*h. Calculate the remainder when 77 is divided by x.
13
Suppose 0 = 2*s - 40 - 38. What is the remainder when s is divided by 9?
3
Let z(t) = t**3 - 11*t**2 + 4. Let f be z(11). Suppose -f*i = -i - 156. Calculate the remainder when i is divided by 14.
10
Let i = 34 + -20. Calculate the remainder when 39 is divided by i.
11
Let u = 3 +